?
9
Let s be 286/3 + (-20)/15. Calculate the greatest common divisor of 1316 and s.
94
Let q(z) = z**2 + 7*z - 5. Let x be q(-8). Let b be 6/1*(x - -1). Let c be 9*(0 + 2/3). What is the highest common factor of c and b?
6
Let o = -324 - -590. Calculate the highest common factor of 28 and o.
14
Suppose -v - 98 = -4*r - 51, 3*v + 42 = 3*r. Let c be 4/(-2) + 110 + 2. Calculate the greatest common divisor of c and r.
11
Let n(y) = -7*y**3 - 4*y**2 - 6*y - 8. Let s be n(-2). What is the greatest common divisor of 418 and s?
22
Let i = 28 + -28. Let p be -11*-4*2 + i/(-2). Calculate the highest common factor of p and 22.
22
Let z = -6 + 15. Let v = -5 + z. Let n be 2/(7/(70/v)). What is the greatest common divisor of 35 and n?
5
Let b be 615/18 - (-2 + (-26)/(-12)). What is the greatest common factor of 85 and b?
17
Let j be (87 + 3)*(-3)/2. Let v = -79 - j. Let m(p) = p**3 + 8*p**2 + 5*p - 6. Let q be m(-7). Calculate the greatest common factor of v and q.
8
Suppose -7*k = -5*k - 14. Suppose -25 = -4*x + k. Let j(z) = -8*z. Let c be j(-5). What is the greatest common factor of x and c?
8
Suppose 3*a = 75 - 69. Suppose a*s + 2*t - 186 = 0, 6*t - 3*t = -2*s + 189. What is the highest common factor of s and 9?
9
Let r be (1 + -40)*(-3)/12*4. What is the highest common divisor of 39 and r?
39
Let o be (-38)/57*(-846)/12. What is the highest common divisor of 2209 and o?
47
Let z(p) = -p**2 + 11*p - 9. Let o be z(12). Let t = o + 40. What is the highest common factor of 57 and t?
19
Suppose -4*w - i = -452, 0 = -3*w + 5*i + 101 + 238. Calculate the greatest common factor of 226 and w.
113
Let f(m) = 5*m**2 - 3*m + 1. Suppose -14 = -2*c - 3*c - 3*z, z = 3*c. Let v be f(c). Suppose -v*y + 154 = 4*y. What is the highest common factor of 110 and y?
22
Suppose -42 = -u + m, 36 = -3*u + 4*u - 4*m. Calculate the greatest common divisor of 88 and u.
44
Let t be 108/27 + -2 + 0. Calculate the highest common divisor of 2 and t.
2
Let m(v) = v - 9. Let y be m(12). Suppose -y*x = -3*t + x + 37, -5*x = 5*t - 85. What is the greatest common factor of 120 and t?
15
Suppose -8*u = -330 - 310. Calculate the greatest common divisor of u and 130.
10
Let r be 3 + -1 + -1 - -160. What is the greatest common divisor of 23 and r?
23
Let u(h) = 8*h - 4. Let x be u(5). Let i = -43 - -26. Let f be i/(-1) - (-5)/5. What is the highest common divisor of f and x?
18
Let o = -29 + 34. Suppose -2*j + 585 = o*n, 3*j = -0*j. What is the highest common divisor of 13 and n?
13
Let m be ((-144)/9)/((-2)/4 - 0). Calculate the greatest common divisor of m and 128.
32
Suppose 140 = -8*o + 22*o. Calculate the greatest common factor of 5 and o.
5
Suppose -80 = 5*t - 21*t. Calculate the greatest common divisor of 185 and t.
5
Suppose -5 = 3*a - 4*a. Let d be (4/10)/(2/10). Suppose s = -5*y - 7 + 57, 70 = d*s + 4*y. Calculate the highest common divisor of s and a.
5
Let k = 1321 + -1302. What is the greatest common factor of k and 836?
19
Let o(x) be the first derivative of 4*x**3/3 - x**2 - x - 2. Let d be o(4). Let f = 1059 + -1037. What is the highest common factor of d and f?
11
Let a be (3 - (-2 + 55))/(-2). Let g be (-23)/(-5) + 10/a. Let y = 7 + g. What is the greatest common factor of y and 4?
4
Suppose -21*z = -28*z + 196. What is the highest common divisor of 329 and z?
7
Let b(x) = 7*x**2 - x - 1. Let o be b(-1). Let t = 18 - o. Calculate the greatest common divisor of t and 99.
11
Suppose -15 = -2*g + 5*g. Let x(m) = -3*m + 7. Let j be x(g). Let h = -10 + j. Calculate the highest common divisor of h and 108.
12
Suppose -t = -0*s - s - 389, 0 = 3*t - s - 1173. Let h = t + -277. Calculate the greatest common factor of 46 and h.
23
Suppose 0 = 3*z - 4*h - 1462 - 134, z + 2*h - 532 = 0. Calculate the highest common divisor of 28 and z.
28
Let p be (1 + 16)*(8 + -4). What is the highest common factor of 12 and p?
4
Let h be 24/9 + ((-30)/(-9))/(-5). Suppose 0 = 4*r - h*r - s - 307, 3*s = -5*r + 773. Calculate the greatest common factor of r and 22.
22
Let k be ((-21)/6 - -3)*-4. Suppose 6*h - 36 = k*h. Suppose -24 = -6*l + 30. What is the highest common factor of h and l?
9
Suppose 5 = f + 4*f. Let g be (-11)/(f - 6/3). Let b(i) = -i**3 + 11*i**2 + 5*i - 10. Let m be b(g). Calculate the highest common factor of m and 15.
15
Let w be 4/6 + (-20)/(-6). Suppose 2*l - 32 = w. Let v(x) = 11*x - 65. Let y be v(10). Calculate the highest common factor of l and y.
9
Suppose 7*c - 92 = -22. Suppose -s - 20 = -5*s, -5*p = 2*s - c. Suppose 3*q - 75 = -p*q. What is the highest common divisor of 10 and q?
5
Let w(z) be the second derivative of z**5/20 + 23*z**4/12 - 25*z**3/6 + 4*z**2 + 23*z. Let j be w(-24). Calculate the highest common factor of j and 24.
8
Let f = 164 - 150. What is the highest common divisor of f and 6?
2
Suppose -53*v + 26*v = -108. Calculate the greatest common factor of v and 16.
4
Suppose -50*t + 14694 = 29*t. What is the highest common factor of 434 and t?
62
Suppose 2*s - 102 = 4*o, o + 18 + 93 = 2*s. What is the greatest common divisor of 76 and s?
19
Suppose 2*p = -10, 1 = 2*n + 5*p + 22. What is the greatest common divisor of n and 58?
2
Let s(p) = p**3 - 5*p**2 - 5*p - 4. Let r be s(6). Suppose -t + 56 = -3*c - 1, 4*t - 172 = -r*c. Calculate the greatest common factor of t and 18.
9
Let t be (2/6)/((-38)/(-2166)). Calculate the greatest common factor of t and 171.
19
Let v be 16 - 18 - (1 - 4) - -30. Calculate the greatest common divisor of v and 496.
31
Let w = 23 + -21. Suppose -2*a + 364 - 48 = 5*s, -w*s = 3*a - 122. Let j = -7 + 15. What is the greatest common divisor of s and j?
8
Let g = 9 + -9. Suppose g = 4*t - 8, 7*a - 49 = 4*a - 2*t. Suppose o + 5 = a. What is the greatest common factor of o and 25?
5
Let x(m) = -2*m**2 + m + 4. Let k be x(-2). Let a be (33/22)/(k/272*-1). Calculate the greatest common factor of 4 and a.
4
Suppose 360 = 38*z - 29*z. What is the highest common factor of z and 56?
8
Let b(t) = -17*t + 223. Let u be b(13). What is the greatest common factor of 22 and u?
2
Let m(n) = n**2 + 4. Let y be m(3). Let f = y - 6. Let v = -240 + 275. What is the greatest common factor of v and f?
7
Let k = 100 - 96. Suppose u + 118 = 4*t, -5*u = k*t - 0*u - 106. What is the highest common divisor of t and 29?
29
Suppose -4*j + 2*j + 4*r = -12, -2*r = -4*j + 12. Calculate the greatest common divisor of j and 55.
1
Let s = 283 - 207. Calculate the greatest common factor of 760 and s.
76
Suppose -34*f + 36*f - 30 = 0. What is the highest common factor of f and 25?
5
Let t be 99/44*(-152)/(-6). Calculate the greatest common factor of 684 and t.
57
Let d(o) = 2*o - 2. Let a be d(5). Let w be (-420)/(-9)*(-48)/(-20). Let n = w - 40. Calculate the greatest common divisor of a and n.
8
Suppose 12*y - 32 = 4*y. Suppose -a - 3*x - 9 = -27, 2*a = -x + 31. Let h = y + a. Calculate the highest common factor of h and 152.
19
Let t = 195 - 191. What is the highest common factor of t and 184?
4
Suppose -5*a + 21 = 176. Let y = -22 - a. Suppose 3*n + 0*n - 9 = 0. What is the greatest common factor of n and y?
3
Suppose 0 = -0*l - 2*l + 252. Suppose l = 4*i - 14. Calculate the highest common factor of 7 and i.
7
Let z be 22/55 - (-12)/(-5). Let r be z/(-1)*(2 - 30/(-4)). What is the greatest common factor of r and 133?
19
Let x(i) = 126*i**2 - 611*i + 4. Let u be x(5). Suppose 5*l + 0*l = 55. What is the highest common divisor of u and l?
11
Let q(u) = -4 + 3 + 18*u - 5. Let i be q(4). Suppose -3*y = -p + 50, -21*y + 17*y - 52 = -p. Calculate the greatest common divisor of p and i.
22
Suppose -47 = -21*t + 58. What is the greatest common factor of t and 65?
5
Suppose 3*h - 14 = -2*t, 8*h = 4*h + 8. Let m(r) = 134*r**2 - 3*r - 2. Let k be m(-2). Suppose j + t*j = k. Calculate the greatest common factor of j and 12.
12
Suppose -11*d = -12*d + 20. Let q be (-8)/3*180/(-40). Calculate the greatest common divisor of q and d.
4
Let f = -11 + 10. Let w be 0 + 9 - (f + 0 + 2). What is the highest common divisor of 88 and w?
8
Suppose 7*u - 16*u + 72 = 0. Suppose u*q = 11*q - 231. Let d(w) = 2*w - 1. Let m be d(6). What is the greatest common factor of m and q?
11
Suppose -j + 9*k + 5 = 4*k, 2*k = -3*j + 100. Let t be (-9 - -1)/((-5)/j). Let q(v) = 16*v - 36. Let h be q(3). Wh